18091 a prime number?
True
Is 257451 prime?
False
Is 2136653 a composite number?
True
Is 12350005 a composite number?
True
Is 4852979 a prime number?
True
Is 282353399 prime?
True
Is 408974113 composite?
False
Is 3692387 a prime number?
False
Is 45536047 a prime number?
False
Is 2285958491 prime?
True
Is 6685361 prime?
False
Is 17404661 a composite number?
False
Is 29543053 a composite number?
True
Is 35614913 composite?
True
Is 53829637 prime?
False
Is 1439198 a composite number?
True
Is 980459 composite?
False
Is 100988323 composite?
False
Is 2702449 a composite number?
False
Is 9418873 a composite number?
False
Is 277277249 a composite number?
True
Is 35894153 composite?
False
Is 28329185 a prime number?
False
Is 782141 composite?
False
Is 26768179 a composite number?
True
Is 1561303 a composite number?
False
Is 101228531 prime?
False
Is 11677 composite?
False
Is 1632427 a composite number?
False
Is 176341537 a prime number?
False
Is 594948319 a prime number?
False
Is 23534633 prime?
False
Is 843547 a prime number?
False
Is 291950089 a composite number?
False
Is 423979 a composite number?
True
Is 3715901 prime?
False
Is 534292789 prime?
True
Is 4757231 a composite number?
False
Is 648867 a prime number?
False
Is 159971 prime?
False
Is 3577445 composite?
True
Is 1471 a composite number?
False
Is 13159561 composite?
False
Is 5745071 composite?
False
Is 40819729 prime?
True
Is 32620031 a composite number?
False
Is 25275449 prime?
False
Is 3051637 a prime number?
True
Is 12534077 prime?
True
Is 242005741 a composite number?
True
Is 424604071 composite?
False
Is 25787479 composite?
True
Is 3864397 a composite number?
True
Is 77440673 a prime number?
True
Is 7513021 a prime number?
True
Is 4193687 composite?
True
Is 22972533 a composite number?
True
Is 15662159 a prime number?
True
Is 110068059 a prime number?
False
Is 65905297 a prime number?
False
Is 26470141 composite?
False
Is 2837041 a prime number?
False
Is 195178609 a composite number?
True
Is 1199921 prime?
False
Is 80696347 composite?
False
Is 160824757 prime?
True
Is 28137887 prime?
False
Is 16381595 prime?
False
Is 192045577 a prime number?
False
Is 116645821 a prime number?
True
Is 23466023 a prime number?
False
Is 14165617 a prime number?
True
Is 21567191 composite?
False
Is 27953059 a composite number?
False
Is 38268587 a composite number?
True
Is 480351 composite?
True
Is 898543 a composite number?
False
Is 77347555 prime?
False
Is 707911 a composite number?
False
Is 385283173 a prime number?
False
Is 1615963 prime?
True
Is 15399947 a prime number?
True
Is 27251959 a composite number?
True
Is 600136429 composite?
True
Is 5354831 prime?
False
Is 814656649 a composite number?
False
Is 117378641 a prime number?
True
Is 9231203 a prime number?
True
Is 4066429 composite?
True
Is 46790537 composite?
False
Is 1610093 a composite number?
False
Is 1750169 prime?
True
Is 41491729 composite?
False
Is 92796245 prime?
False
Is 131066723 composite?
True
Is 2641313 a composite number?
False
Is 162397723 a prime number?
True
Is 175619281 a composite number?
True
Is 349370533 prime?
True
Is 39392347 a composite number?
True
Is 623369 prime?
False
Is 28383799 prime?
True
Is 765454951 a composite number?
False
Is 995047 composite?
True
Is 19194937 a composite number?
False
Is 16003513 a prime number?
False
Is 3637849 composite?
False
Is 136339 a prime number?
False
Is 39691094 prime?
False
Is 7954423 a prime number?
True
Is 5482663 a composite number?
False
Is 195953489 prime?
True
Is 29416831 a composite number?
False
Is 237230953 a composite number?
False
Is 3516763 prime?
False
Is 4561523 a prime number?
True
Is 93702307 a composite number?
False
Is 8046931 prime?
True
Is 1599803 a prime number?
True
Is 45514939 prime?
True
Is 509165 composite?
True
Is 4165573 prime?
True
Is 1749383 composite?
False
Is 124477753 a composite number?
True
Is 10154869 composite?
False
Is 34331083 composite?
True
Is 16868953 prime?
True
Is 381069527 a composite number?
False
Is 47766733 composite?
True
Is 12697847 composite?
False
Is 1033598999 prime?
True
Is 1370203853 a composite number?
False
Is 54941241 a prime number?
False
Is 1091917 a prime number?
True
Is 167768369 prime?
False
Is 112894967 prime?
False
Is 43937219 prime?
True
Is 466545081 a prime number?
False
Is 8296789 prime?
True
Is 1357967 composite?
True
Is 1806133 a prime number?
False
Is 328187749 prime?
True
Is 9227683 composite?
False
Is 3704573 composite?
False
Is 940067 a prime number?
True
Is 3144709 a composite number?
True
Is 10380119 a composite number?
True
Is 16946623 prime?
True
Is 11322757 composite?
False
Is 40902703 prime?
False
Is 13573286 a prime number?
False
Is 1231981 composite?
False
Is 1122697 prime?
False
Is 2764067 composite?
True
Is 7532711 prime?
True
Is 9263497 prime?
False
Is 1905121 a composite number?
False
Is 9655309 a prime number?
True
Is 232636093 a composite number?
False
Is 72692461 a composite number?
True
Is 165641 a composite number?
True
Is 34949539 a prime number?
True
Is 10319999 a composite number?
False
Is 7500607 a composite number?
False
Is 9596533 a composite number?
False
Is 18846103 a composite number?
False
Is 15764327 a prime number?
True
Is 46861849 a prime number?
True
Is 1951693 prime?
True
Is 3894533 prime?
False
Is 55894799 a prime number?
True
Is 1340351 a composite number?
True
Is 188655409 composite?
True
Is 1559647 a composite number?
False
Is 20665937 a prime number?
False
Is 5413787 composite?
True
Is 414518723 a prime number?
False
Is 929003 composite?
False
Is 56969851 composite?
True
Is 1637087 a prime number?
True
Is 3049289 composite?
False
Is 19927249 a composite number?
True
Is 1172749 composite?
False
Is 43517 a prime number?
True
Is 189463 prime?
True
Is 2498511 a prime number?
False
Is 319782371 composite?
False
Is 133401187 a composite number?
False
Is 1018499 prime?
False
Is 498001 composite?
True
Is 5605387 a prime number?
True
Is 131365713 a prime number?
False
Is 13697513 composite?
True
Is 29596387 prime?
False
Is 3537397 prime?
False
Is 8463997 a prime number?
False
Is 94862849 prime?
False
Is 14427499 a prime number?
False
Is 73913941 a composite number?
True
Is 121328149 composite?
False
Is 42197266 composite?
True
Is 3206571 composite?
True
Is 24501835 a prime number?
False
Is 19041271 composite?
False
Is 1148087 a prime number?
True
Is 3846523 composite?
False
Is 1949453 a composite number?
True
Is 276733 a prime number?
False
Is 4160369 prime?
False
Is 7726361 composite?
True
Is 14351993 a prime number?
True
Is 118669 composite?
False
Is 63578687 a composite number?
False
Is 149355443 a prime number?
True
Is 61221749 a composite number?
False
Is 6450841 a composite number?
False
Is 21018511 composite?
True
Is 23311177 a prime number?
True
Is 95377781 composite?
True
Is 255345017 a prime number?
True
Is 34068137 a prime number?
True
Is 1003589 a prime number?
True
Is 67424741 prime?
True
Is 7399021 a composite number?
True
Is 5177327 prime?
True
Is 22399249 a prime number?
True
Is 30407 prime?
False
Is 4135211 prime?
True
Is 723257 prime?
True
Is 802643 prime?
True
Is 10314313 a composite number?
True
Is 100487911 composite?
False
Is 4235359 a prime number?
False
Is 47475317 a composite number?
True
Is 43846861 composite?
True
Is 16474397 a prime number?
True
Is 844619 a prime number?
True
Is 1495321 a prime number?
True
Is 1526411 composite?
False
Is 12792079 a prime number?
True
Is 26530051 a composite number?
True
Is 20553499 prime?
True
Is 251871131 prime?
False
Is 41714269 a prime number?
False
Is 18923665 prime?
False
Is 4827971 a prime number?
False
Is 6201617 a prime number?
False
Is 1865231 a prime number?
False
Is 214777 a prime number?
False
Is 4352693 a composite number?
True
Is 55991009 a composite number?
True
Is 26778869 prime?
False
Is 6538403 prime?
True
Is 646001 prime?
False
Is 488599 a prime number?
False
Is 181367093 prime?
True
Is 88230489 a composite number?
True
Is 12308011 a composite number?
False
Is 7127467 a composite number?
False
Is 806833 a prime number?
False
Is 10416977 a prime number?
True
Is 15549019 a prime number?
False
Is 29039567 a composite number?
False
Is 316818745 a composite number?
True
Is 7604749 composite?
False
Is 14100